{"id":107,"date":"2023-11-29T22:18:59","date_gmt":"2023-11-29T21:18:59","guid":{"rendered":"https:\/\/magnum-drinks.com\/?page_id=107"},"modified":"2023-12-16T15:09:05","modified_gmt":"2023-12-16T14:09:05","slug":"geschaeftsbedingungen","status":"publish","type":"page","link":"https:\/\/magnum-drinks.com\/index.php\/geschaeftsbedingungen\/","title":{"rendered":"Allgemeine Gesch\u00e4ftsbedingungen"},"content":{"rendered":"<p><\/p><h3 class=\"h3\"><b>1. G<\/b><b>eltungsbereich<\/b><\/h3>\n<p>F\u00fcr alle Lieferungen von Magnum Trading UG (haftungsbeschr\u00e4nkt) (nachfolgend Magnum Trading) an Verbraucher gelten diese Allgemeinen Gesch\u00e4ftsbedingungen (AGB).<br \/>Verbraucher ist jede nat\u00fcrliche Person, die ein Rechtsgesch\u00e4ft zu einem Zwecke abschlie\u00dft, der \u00fcberwiegend weder ihrer gewerblichen noch ihrer selbstst\u00e4ndigen beruflichen T\u00e4tigkeit zugerechnet werden kann.<\/p>\n<h3 class=\"h3\"><b>2.\u00a0<\/b><b>Vertragspartner<\/b><\/h3>\n<p>Der Kaufvertrag kommt zustande mit Magnum Trading UG (haftungsbeschr\u00e4nkt), Inhaber: Kevin Stapf, Von-Bronsart-Stra\u00dfe 4, 22885 Barsb\u00fcttel Handelsregister: Amtsgericht L\u00fcbeck, HRB 23335 HL.<\/p>\n<h3 class=\"h3\"><b>3.\u00a0<\/b><b>Vertragsschluss<\/b><\/h3>\n<p><b>3.1.\u00a0<\/b>Die Darstellung der Produkte im Online-Shop stellt kein rechtlich bindendes Angebot, sondern nur eine Aufforderung zur Bestellung dar.<\/p>\n<p><b>3.2.\u00a0<\/b>Durch Anklicken des Buttons ,,Jetzt kaufen&#8220; geben Sie eine verbindliche Bestellung der auf der Bestellseite aufgelisteten Waren ab. Ihr Kaufvertrag kommt zustande, wenn wir Ihre Bestellung durch eine Auftragsbest\u00e4tigung per E-Mail unmittelbar nach dem Erhalt Ihrer Bestellung annehmen.<\/p>\n<h3 class=\"h3\"><b>4.\u00a0<\/b><b>Widerrufsrecht<\/b><\/h3>\n<p><b>4.1.\u00a0<\/b>Wenn Sie Verbraucher sind (also eine nat\u00fcrliche Person, die die Bestellung zu einem Zweck abgibt, der weder Ihrer gewerblichen oder selbst\u00e4ndigen beruflichen T\u00e4tigkeit zugerechnet werden kann), steht Ihnen nach Ma\u00dfgabe der gesetzlichen Bestimmungen ein Widerrufsrecht zu.<\/p>\n<p><b>4.2.\u00a0<\/b>Machen Sie als Verbraucher von Ihrem Widerrufsrecht nach Ziffer 4.1 Gebrauch, so haben Sie die regelm\u00e4\u00dfigen Kosten der R\u00fccksendung zu tragen.<\/p>\n<p><b>4.3.\u00a0<\/b>Im \u00dcbrigen gelten f\u00fcr das Widerrufsrecht die Regelungen, die im Einzelnen wiedergegeben sind in der folgenden<br \/><b><br \/>Widerrufsbelehrung<\/b><\/p>\n<p>Widerrufsrecht<\/p>\n<p>Sie haben das Recht, binnen vierzehn Tagen ohne Angabe von Gr\u00fcnden diesen Vertrag zu widerrufen.<\/p>\n<p>Die Widerrufsfrist betr\u00e4gt vierzehn Tage ab dem Tag an dem Sie oder ein von Ihnen benannter Dritter, der nicht der Bef\u00f6rderer ist, die Waren in Besitz genommen haben bzw. hat.<\/p>\n<p>Um Ihr Widerrufsrecht auszu\u00fcben, m\u00fcssen Sie uns Magnum Trading UG (haftungsbeschr\u00e4nkt), Von-Bronsart-Stra\u00dfe 4, 22885 Barsb\u00fcttel, +4915758168363, info@magnumtrading.de mittels einer eindeutigen Erkl\u00e4rung (zB ein mit der Post versandter Brief oder eine E-Mail) \u00fcber Ihren Entschluss, diesen Vertrag zu widerrufen, informieren. Sie k\u00f6nnen daf\u00fcr das beigef\u00fcgte Muster-Widerrufsformular verwenden, das jedoch nicht vorgeschrieben ist. Machen Sie von dieser M\u00f6glichkeit Gebrauch, so werden wir Ihnen unverz\u00fcglich (zB per E-Mail) eine Best\u00e4tigung \u00fcber den Eingang eines solchen Widerrufs \u00fcbermitteln.<\/p>\n<p>Zur Wahrung der Widerrufsfrist reicht es aus, dass Sie die Mitteilung \u00fcber die Aus\u00fcbung des Widerrufsrechts vor Ablauf der Widerrufsfrist absenden.<\/p>\n<p><b>Folgen des Widerrufs<\/b><\/p>\n<p>Wenn Sie diesen Vertrag widerrufen, haben wir Ihnen alle Zahlungen, die wir von Ihnen erhalten haben, einschlie\u00dflich der Lieferkosten (mit Ausnahme der zus\u00e4tzlichen Kosten, die sich daraus ergeben, dass Sie eine andere Art der Lieferung als die von uns angebotene, g\u00fcnstigste Standardlieferung gew\u00e4hlt haben), unverz\u00fcglich und sp\u00e4testens binnen vierzehn Tagen ab dem Tag zur\u00fcckzuzahlen, an dem die Mitteilung \u00fcber Ihren Widerruf dieses Vertrags bei uns eingegangen ist. F\u00fcr diese R\u00fcckzahlung verwenden wir dasselbe Zahlungsmittel, das Sie bei der urspr\u00fcnglichen Transaktion eingesetzt haben, es sei denn, mit Ihnen wurde ausdr\u00fccklich etwas anderes vereinbart; in keinem Fall werden Ihnen wegen dieser R\u00fcckzahlung Entgelte berechnet. Wir k\u00f6nnen die R\u00fcckzahlung verweigern, bis wir die Waren wieder zur\u00fcckerhalten haben oder bis Sie den Nachweis erbracht haben, dass Sie die Waren zur\u00fcckgesandt haben, je nachdem, welches der fr\u00fchere Zeitpunkt ist.<\/p>\n<p>Sie haben die Waren unverz\u00fcglich und in jedem Fall sp\u00e4testens binnen vierzehn Tagen ab dem Tag, an dem Sie uns \u00fcber den Widerruf dieses Vertrages unterrichten, an uns oder an (hier sind gegebenenfalls der Name und die Anschrift der von Ihnen zur Entgegennahme der Ware erm\u00e4chtigten Person einzuf\u00fcgen) zur\u00fcckzusenden oder zu \u00fcbergeben. Die Frist ist gewahrt, wenn Sie die Waren vor Ablauf der Frist von vierzehn Tagen absenden.<\/p>\n<p>Sie tragen die unmittelbaren Kosten der R\u00fccksendung der Waren.<\/p>\n<p>Sie m\u00fcssen f\u00fcr einen etwaigen Wertverlust der Waren nur aufkommen, wenn dieser Wertverlust auf einen zur Pr\u00fcfung der Beschaffenheit, Eigenschaften und Funktionsweise der Waren nicht notwendigen Umgang mit ihnen zur\u00fcckzuf\u00fchren ist.<\/p>\n<p><b>&#8211; Ende der Widerrufsbelehrung \u2013<br \/><\/b><\/p>\n<p><b>4.4.\u00a0<\/b>\u00dcber das Muster-Widerrufsformular informiert Magnum Trading nach der gesetzlichen Regelung wie folgt:<\/p>\n<p><b>Muster-Widerrufsformular<\/b><br \/>(Wenn Sie den Vertrag widerrufen wollen, dann f\u00fcllen Sie bitte dieses Formular aus und senden Sie es zur\u00fcck.)<\/p>\n<p>&#8211; An Magnum Trading UG (haftungsbeschr\u00e4nkt), Von-Bronsart-Stra\u00dfe 4, 22885 Barsb\u00fcttel, +4915758168363, info@magnumtrading.de:<br \/>\u2013Hiermit widerrufe(n) ich\/wir (*) den von mir\/uns (*) abgeschlossenen Vertrag \u00fcber den Kauf der folgenden Waren (*)\/die Erbringung der folgenden Dienstleistung (*)<br \/>\u2013Bestellt am (*)\/erhalten am (*)<br \/>\u2013Name des\/der Verbraucher(s)<br \/>\u2013Anschrift des\/der Verbraucher(s)<br \/>\u2013Unterschrift des\/der Verbraucher(s) (nur bei Mitteilung auf Papier)<br \/>\u2013Datum __________<br \/>(*) Unzutreffendes streichen<\/p>\n<h3 class=\"h3\"><b>5.\u00a0<\/b><b>Preise und Versandkosten<\/b><\/h3>\n<p><b>5.1.\u00a0<\/b>Die auf den Produktseiten genannten Preise weisen keine Umsatzsteuer aus, da wir im Sinne der Kleinunternehmerregelung nach \u00a7 19 UStG verkaufen.<\/p>\n<p><b>5.2.\u00a0<\/b>Der Versand f\u00fcr die im Shop verkauften Waren ist deutschlandweit grunds\u00e4tzlich kostenlos.<\/p>\n<h3 class=\"h3\"><b>6. <\/b><b>Lieferung<\/b><\/h3>\n<p><b>6.1.\u00a0<\/b>Die Lieferung erfolgt nur innerhalb Deutschlands mit Hermes und ist f\u00fcr den Export bestimmt. F\u00fcr eine Lieferung au\u00dferhalb Deutschlands kontaktieren Sie uns bitte.<\/p>\n<p><b>6.2.\u00a0<\/b>Die Lieferzeit betr\u00e4gt bis zu 5 Tage. Auf eventuell abweichende Lieferzeiten weisen wir auf der jeweiligen Produktseite hin.<\/p>\n<h3 class=\"h3\"><b>7. <\/b><b>Exporterkl\u00e4rung<\/b><\/h3>\n<p>Die in unserem Shop verkauften Waren sind zum Teil pfandfrei und damit f\u00fcr den Export bestimmt (z.B. Fernfahrer). Durch die Akzeptanz unserer Allgemeinen Gesch\u00e4ftsbedingungen (AGB) erkl\u00e4ren Sie sich ausdr\u00fccklich damit einverstanden, dass Sie als K\u00e4ufer die alleinige Verantwortung f\u00fcr den Export der erworbenen Ware tragen. Dies umfasst die ordnungsgem\u00e4\u00dfe Abwicklung des Exports sowie die Gew\u00e4hrleistung, dass alle anwendbaren Gesetze und Vorschriften, einschlie\u00dflich der Exportkontrollbestimmungen im Zielland, eingehalten werden.<\/p>\n<p>Bitte beachten Sie, dass Magnum Trading nicht f\u00fcr etwaige Verz\u00f6gerungen, Verluste oder Sch\u00e4den haftet, die sich aus einem Export in ein deutsches Ausland ergeben. Der K\u00e4ufer ist dazu verpflichtet sicherzustellen, dass die Ware gem\u00e4\u00df den geltenden Vorschriften und Bestimmungen ausgef\u00fchrt wird. Durch den Kauf unserer Produkte best\u00e4tigen Sie ausdr\u00fccklich, dass Sie diese Verpflichtungen verstehen und bereit sind, diese zu erf\u00fcllen.<\/p>\n<h3 class=\"h3\"><b>8. <\/b><b>Zahlung<\/b><\/h3>\n<p><b>7.1.\u00a0<\/b>Die Zahlung erfolgt wahlweise per Kreditkarte, PayPal, SEPA-Lastschrift, Klarna oder Vorkasse allgemein.<\/p>\n<p><b>7.2.\u00a0<\/b>Bei Auswahl der Zahlungsart Vorkasse nennen wir Ihnen unsere Bankverbindung in der Auftragsbest\u00e4tigung und liefern die Ware nach Zahlungseingang.<\/p>\n<h3 class=\"h3\"><b>9. <\/b><b>Eigentumsvorbehalt<\/b><\/h3>\n<p>Bis zur vollst\u00e4ndigen Zahlung bleibt die Ware unser Eigentum.<\/p>\n<h3 class=\"h3\"><b>10. <\/b><b>Sachm\u00e4ngelgew\u00e4hrleistung<\/b><\/h3>\n<p>Magnum Trading haftet f\u00fcr Sachm\u00e4ngel nach den hierf\u00fcr geltenden gesetzlichen Vorschriften, insbesondere \u00a7\u00a7 434 ff B\u00fcrgerliches Gesetzbuch.<\/p>\n<h3 class=\"h3\"><b>11. <\/b><b>Streitbeilegung<\/b><\/h3>\n<p>Die EU-Kommission hat eine Internetplattform zur Online-Beilegung von Streitigkeiten geschaffen. Die Plattform dient als Anlaufstelle zur au\u00dfergerichtlichen Beilegung von Streitigkeiten betreffend vertragliche Verpflichtungen, die aus Online-Kaufvertr\u00e4gen erwachsen. N\u00e4here Informationen sind unter dem folgenden Link verf\u00fcgbar: http:\/\/ec.europa.eu\/consumers\/odr. Zur Teilnahme an einem Streitbeilegungsverfahren vor einer Verbraucherschlichtungsstelle sind wir weder bereit noch verpflichtet.<\/p>","protected":false},"excerpt":{"rendered":"<p>1. Geltungsbereich F\u00fcr alle Lieferungen von Magnum Trading UG (haftungsbeschr\u00e4nkt) (nachfolgend Magnum Trading) an Verbraucher gelten diese Allgemeinen Gesch\u00e4ftsbedingungen (AGB).Verbraucher ist jede nat\u00fcrliche Person, die ein Rechtsgesch\u00e4ft zu einem Zwecke abschlie\u00dft, der \u00fcberwiegend weder ihrer gewerblichen noch ihrer selbstst\u00e4ndigen beruflichen T\u00e4tigkeit zugerechnet werden kann. 2.\u00a0Vertragspartner Der Kaufvertrag kommt zustande mit Magnum Trading UG (haftungsbeschr\u00e4nkt), Inhaber: [&hellip;]<\/p>\n","protected":false},"author":1,"featured_media":0,"parent":0,"menu_order":0,"comment_status":"closed","ping_status":"closed","template":"","meta":{"footnotes":""},"class_list":["post-107","page","type-page","status-publish","hentry"],"blocksy_meta":[],"_links":{"self":[{"href":"https:\/\/magnum-drinks.com\/index.php\/wp-json\/wp\/v2\/pages\/107","targetHints":{"allow":["GET"]}}],"collection":[{"href":"https:\/\/magnum-drinks.com\/index.php\/wp-json\/wp\/v2\/pages"}],"about":[{"href":"https:\/\/magnum-drinks.com\/index.php\/wp-json\/wp\/v2\/types\/page"}],"author":[{"embeddable":true,"href":"https:\/\/magnum-drinks.com\/index.php\/wp-json\/wp\/v2\/users\/1"}],"replies":[{"embeddable":true,"href":"https:\/\/magnum-drinks.com\/index.php\/wp-json\/wp\/v2\/comments?post=107"}],"version-history":[{"count":7,"href":"https:\/\/magnum-drinks.com\/index.php\/wp-json\/wp\/v2\/pages\/107\/revisions"}],"predecessor-version":[{"id":330,"href":"https:\/\/magnum-drinks.com\/index.php\/wp-json\/wp\/v2\/pages\/107\/revisions\/330"}],"wp:attachment":[{"href":"https:\/\/magnum-drinks.com\/index.php\/wp-json\/wp\/v2\/media?parent=107"}],"curies":[{"name":"wp","href":"https:\/\/api.w.org\/{rel}","templated":true}]}}