{"id":225,"date":"2023-12-13T15:31:34","date_gmt":"2023-12-13T14:31:34","guid":{"rendered":"https:\/\/magnum-drinks.com\/index.php\/impressum\/"},"modified":"2023-12-16T15:45:09","modified_gmt":"2023-12-16T14:45:09","slug":"impressum","status":"publish","type":"page","link":"https:\/\/magnum-drinks.com\/index.php\/impressum\/","title":{"rendered":"Impressum"},"content":{"rendered":"<p><\/p><p><strong>Magnum Trading UG (haftungsbeschr\u00e4nkt)<\/strong><br \/>Von-Bronsart-Stra\u00dfe 4<br \/>22885 Barsb\u00fcttel<br \/>Deutschland<\/p>\n<p>HRB Nr.: 23335 HL, Amtsgericht L\u00fcbeck<br \/>Umsatzsteuer-Identifikationsnummer nach \u00a7 27a UStG: DE357960919<br \/>Gesch\u00e4ftsf\u00fchrer: Kevin Stapf<br \/>kleinanzeigen@magnum-trading.de<br \/>Tel.: +4915758168363<\/p>\n<h4>Alternative Streitbeilegung gem\u00e4\u00df Art. 14 Abs. 1 ODR-VO und \u00a7 36 VSBG:<\/h4>\n<p>Die Europ\u00e4ische Kommission stellt eine Plattform zur Online-Streitbeilegung (OS-Plattform) bereit.<br \/>Sie erreichen diese unter https:\/\/ec.europa.eu\/consumers\/odr\/. Wir sind nicht bereit oder verpflichtet, an Streitbeilegungsverfahren vor einer Verbraucherschlichtungsstelle teilzunehmen (\u00a7 36 Abs. 1 Nr. 1 VSBG).<\/p>","protected":false},"excerpt":{"rendered":"<p>Magnum Trading UG (haftungsbeschr\u00e4nkt)Von-Bronsart-Stra\u00dfe 422885 Barsb\u00fcttelDeutschland HRB Nr.: 23335 HL, Amtsgericht L\u00fcbeckUmsatzsteuer-Identifikationsnummer nach \u00a7 27a UStG: DE357960919Gesch\u00e4ftsf\u00fchrer: Kevin Stapfkleinanzeigen@magnum-trading.deTel.: +4915758168363 Alternative Streitbeilegung gem\u00e4\u00df Art. 14 Abs. 1 ODR-VO und \u00a7 36 VSBG: Die Europ\u00e4ische Kommission stellt eine Plattform zur Online-Streitbeilegung (OS-Plattform) bereit.Sie erreichen diese unter https:\/\/ec.europa.eu\/consumers\/odr\/. Wir sind nicht bereit oder verpflichtet, an Streitbeilegungsverfahren vor [&hellip;]<\/p>\n","protected":false},"author":1,"featured_media":0,"parent":0,"menu_order":0,"comment_status":"closed","ping_status":"closed","template":"","meta":{"footnotes":""},"class_list":["post-225","page","type-page","status-publish","hentry"],"blocksy_meta":[],"_links":{"self":[{"href":"https:\/\/magnum-drinks.com\/index.php\/wp-json\/wp\/v2\/pages\/225","targetHints":{"allow":["GET"]}}],"collection":[{"href":"https:\/\/magnum-drinks.com\/index.php\/wp-json\/wp\/v2\/pages"}],"about":[{"href":"https:\/\/magnum-drinks.com\/index.php\/wp-json\/wp\/v2\/types\/page"}],"author":[{"embeddable":true,"href":"https:\/\/magnum-drinks.com\/index.php\/wp-json\/wp\/v2\/users\/1"}],"replies":[{"embeddable":true,"href":"https:\/\/magnum-drinks.com\/index.php\/wp-json\/wp\/v2\/comments?post=225"}],"version-history":[{"count":7,"href":"https:\/\/magnum-drinks.com\/index.php\/wp-json\/wp\/v2\/pages\/225\/revisions"}],"predecessor-version":[{"id":346,"href":"https:\/\/magnum-drinks.com\/index.php\/wp-json\/wp\/v2\/pages\/225\/revisions\/346"}],"wp:attachment":[{"href":"https:\/\/magnum-drinks.com\/index.php\/wp-json\/wp\/v2\/media?parent=225"}],"curies":[{"name":"wp","href":"https:\/\/api.w.org\/{rel}","templated":true}]}}